63
What are the prime factors of 64367?
191, 337
What are the prime factors of 425868?
2, 3, 23, 1543
List the prime factors of 8072.
2, 1009
List the prime factors of 185396.
2, 46349
What are the prime factors of 168210?
2, 3, 5, 7, 89
What are the prime factors of 712992?
2, 3, 7, 1061
What are the prime factors of 286378?
2, 31, 149
List the prime factors of 346660.
2, 5, 17333
List the prime factors of 2401244.
2, 600311
List the prime factors of 149186.
2, 97, 769
List the prime factors of 2264203.
2264203
List the prime factors of 4246929.
3, 67, 7043
What are the prime factors of 18764198?
2, 9382099
List the prime factors of 130231.
31, 4201
List the prime factors of 240668.
2, 60167
List the prime factors of 21453.
3, 7151
List the prime factors of 7579872.
2, 3, 31, 283
What are the prime factors of 224812?
2, 7, 31, 37
What are the prime factors of 3625012?
2, 17, 53309
What are the prime factors of 5603306?
2, 23, 41, 2971
List the prime factors of 489842.
2, 257, 953
What are the prime factors of 4182484?
2, 1045621
What are the prime factors of 128476?
2, 32119
List the prime factors of 19718531.
7, 402419
What are the prime factors of 336385?
5, 7, 1373
List the prime factors of 564235.
5, 7, 47
List the prime factors of 1157305.
5, 231461
What are the prime factors of 202771?
31, 211
What are the prime factors of 186342?
2, 3, 13, 2389
List the prime factors of 2876180.
2, 5, 31, 4639
List the prime factors of 383871.
3, 199, 643
What are the prime factors of 2048566?
2, 13, 78791
What are the prime factors of 3086369?
11, 13, 113, 191
List the prime factors of 4768000.
2, 5, 149
What are the prime factors of 413899?
17, 97, 251
List the prime factors of 5659152.
2, 3, 117899
What are the prime factors of 16079170?
2, 5, 47, 34211
List the prime factors of 17165289.
3, 31, 379, 487
What are the prime factors of 13634259?
3, 4544753
What are the prime factors of 2635630?
2, 5, 449, 587
List the prime factors of 12456.
2, 3, 173
List the prime factors of 92896.
2, 2903
List the prime factors of 9766465.
5, 647, 3019
What are the prime factors of 208057?
208057
List the prime factors of 12098.
2, 23, 263
What are the prime factors of 1019809?
7, 145687
What are the prime factors of 1565868?
2, 3, 130489
What are the prime factors of 747786?
2, 3, 13, 9587
What are the prime factors of 47647?
29, 31, 53
List the prime factors of 151663.
37, 4099
What are the prime factors of 107361?
3, 79, 151
What are the prime factors of 1734555?
3, 5, 115637
What are the prime factors of 455023?
229, 1987
List the prime factors of 402515.
5, 19, 223
What are the prime factors of 905427?
3, 37, 2719
List the prime factors of 757068.
2, 3, 13, 23, 211
List the prime factors of 15969083.
13, 1228391
What are the prime factors of 104286?
2, 3, 7, 13, 191
List the prime factors of 3646266.
2, 3, 13, 46747
List the prime factors of 695480.
2, 5, 17387
List the prime factors of 2595629.
2595629
List the prime factors of 952395.
3, 5, 63493
What are the prime factors of 620866?
2, 310433
What are the prime factors of 6180091?
79, 78229
List the prime factors of 2995674.
2, 3, 11, 45389
List the prime factors of 2572691.
11, 233881
List the prime factors of 213307.
213307
List the prime factors of 2160.
2, 3, 5
What are the prime factors of 956421?
3, 35423
What are the prime factors of 2941369?
433, 6793
What are the prime factors of 2265?
3, 5, 151
List the prime factors of 103609.
11, 9419
What are the prime factors of 2734106?
2, 379, 3607
List the prime factors of 806780.
2, 5, 13, 29, 107
What are the prime factors of 5199722?
2, 11, 17, 13903
What are the prime factors of 1063322?
2, 13, 40897
List the prime factors of 873118.
2, 211, 2069
What are the prime factors of 10611?
3, 131
What are the prime factors of 505687?
7, 13, 5557
List the prime factors of 454870.
2, 5, 13, 3499
What are the prime factors of 2791124?
2, 7, 83, 1201
List the prime factors of 20275671.
3, 13, 519889
List the prime factors of 2332008.
2, 3, 7, 661
What are the prime factors of 610059?
3, 203353
List the prime factors of 286681.
43, 59, 113
List the prime factors of 40060381.
17, 37, 63689
What are the prime factors of 33874424?
2, 937, 4519
List the prime factors of 4871068.
2, 19, 107, 599
List the prime factors of 62624.
2, 19, 103
List the prime factors of 28506.
2, 3, 4751
What are the prime factors of 9693421?
31, 47, 6653
List the prime factors of 9388559.
9388559
List the prime factors of 4538558.
2, 17, 29, 4603
List the prime factors of 3300743.
89, 37087
What are the prime factors of 7828051?
7, 11, 101663
List the prime factors of 5404367.
5404367
What are the prime factors of 431052?
2, 3, 17, 2113
List the prime factors of 219720.
2, 3, 5, 1831
List the prime factors of 1445708.
2, 11, 29, 103
What are the prime factors of 4948?
2, 1237
List the prime factors of 1355088.
2, 3, 7, 37, 109
List the prime factors of 1480327.
419, 3533
What are the prime factors of 7239633?
3, 2413211
List the prime factors of 215444.
2, 53861
List the prime factors of 14005.
5, 2801
What are the prime factors of 123606?
2, 3, 7, 109
What are the prime factors of 7393345?
5, 31, 47699
List the prime factors of 1156562.
2, 11, 52571
List the prime factors of 1210542.
2, 3, 201757
What are the prime factors of 13299066?
2, 3, 11, 17, 439
What are the prime factors of 8619710?
2, 5, 11, 23, 3407
List the prime factors of 21663530.
2, 5, 7, 309479
What are the prime factors of 462581?
7, 66083
What are the prime factors of 375318?
2, 3, 29, 719
List the prime factors of 415590.
2, 3, 5, 7, 1979
List the prime factors of 1178263.
1178263
List the prime factors of 2456859.
3, 103, 7951
List the prime factors of 2814945.
3, 5, 7, 17, 19, 83
List the prime factors of 1139475.
3, 5, 15193
What are the prime factors of 362130?
2, 3, 5, 12071
What are the prime factors of 119056?
2, 7, 1063
List the prime factors of 260479.
101, 2579
List the prime factors of 2641248.
2, 3, 1019
What are the prime factors of 3600440?
2, 5, 90011
What are the prime factors of 3551431?
13, 273187
What are the prime factors of 9466375?
5, 75731
What are the prime factors of 1657523?
7, 33827
What are the prime factors of 1329041?
7, 29, 6547
What are the prime factors of 24912824?
2, 43, 72421
What are the prime factors of 460142?
2, 19, 12109
List the prime factors of 5192337.
3, 1730779
List the prime factors of 31633888.
2, 11, 13, 31, 223
What are the prime factors of 16845436?
2, 17, 191, 1297
What are the prime factors of 449447?
509, 883
What are the prime factors of 903941?
17, 53173
What are the prime factors of 3849824?
2, 11, 10937
What are the prime factors of 15242232?
2, 3, 67, 9479
What are the prime factors of 668512?
2, 13, 1607
List the prime factors of 874127.
874127
What are the prime factors of 481925?
5, 37, 521
List the prime factors of 53000.
2, 5, 53
List the prime factors of 174891.
3, 97, 601
What are the prime factors of 25580048?
2, 13, 23, 5347
What are the prime factors of 1080070?
2, 5, 108007
What are the prime factors of 10739905?
5, 11, 195271
List the prime factors of 193685.
5, 38737
What are the prime factors of 754005?
3, 5, 7, 43, 167
List the prime factors of 18076.
2, 4519
List the prime factors of 23373.
3, 7, 53
List the prime factors of 35380.
2, 5, 29, 61
What are the prime factors of 3427652?
2, 79, 10847
What are the prime factors of 76823?
17, 4519
List the prime factors of 447910.
2, 5, 47, 953
What are the prime factors of 430804?
2, 11, 9791
List the prime factors of 3540708.
2, 3, 59, 1667
What are the prime factors of 771674?
2, 385837
List the prime factors of 91957.
91957
What are the prime factors of 6093341?
1979, 3079
What are the prime factors of 4224787?
7, 603541
What are the prime factors of 1914855?
3, 5, 127657
List the prime factors of 30386331.
3, 53, 63703
List the prime factors of 1301060.
2, 5, 65053
List the prime factors of 23211584.
2, 11, 32971
What are the prime factors of 20910284?
2, 1607, 3253
List the prime factors of 1203454.
2, 7, 67, 1283
What are the prime factors of 409031?
7, 71, 823
What are the prime factors of 1047514?
2, 13, 40289
List the prime factors of 98822.
2, 49411
List the prime factors of 6683671.
53, 